 6)) + -4 - 4?
-7
What is the value of (0 + 8 - (0 - -4)) + -4?
0
What is -12 + 22 + -28 - -27?
9
Evaluate -16 - (10 - 20) - (-8 + 3).
-1
What is the value of 4 - (8 + -7 + (0 - 1))?
4
Calculate 8 + -8 - ((6 - 3) + 3 + 1).
-7
Evaluate 10 + (1 - (9 + (8 - 21))).
15
What is ((-12 - -6 - -11) + 7 - -6) + -4?
14
What is (2 - -3) + (12 - 8) - (-5 + 12)?
2
-6 + (7 - (-7 + (5 - 1))) - -1
5
What is the value of (21 - 18) + (48 - 11)?
40
Calculate -178 - -172 - (-1 + -13 - 0).
8
Evaluate 1 - 5 - (20 + (-36 - -12)).
0
Calculate (10 - 8) + -1 + 3.
4
What is the value of 3 + (-20 - 0) + 0?
-17
-34 + (-41 - -93) + -8
10
Evaluate 19 + -10 + 1 + (-4 - 1).
5
23 + -11 + (-7 - (18 + 1))
-14
71 - 49 - (6 + (1 - 0))
15
Evaluate 6 - ((6 + 6 - 3) + -10).
7
-4 - (0 - (-1 - 5) - 2)
-8
What is the value of 0 - -11 - ((-1 + -7 - -3) + 3)?
13
Calculate -2 - (-3 + (11 - 0) + 2 + -4).
-8
-13 + 14 - (6 + (-24 - 1))
20
5 - -25 - 21 - ((-10 - -4) + 11)
4
What is the value of 18 - (10 + (-7 - -10))?
5
(2 + (2 + -4 - 10) - -4) + -1
-7
Calculate 1 + 14 + 16 + (18 + -7 - 33).
9
Calculate -3 + 14 + 1 - (867 + -842).
-13
0 + (2 - 15) + (3 - -11 - 18)
-17
What is -7 - (-5 + (2 + 1 - -19))?
-24
Evaluate 2 - -13 - (4 + (-1 - -3 - -1)).
8
What is the value of -3 + (7 - (6 + -9 + 11))?
-4
What is the value of (2 - 2 - (2 - 14)) + (-401 - -411)?
22
Calculate -8 + -6 + 15 + -1 + 9.
9
15 + (-13 - (5 - 10) - -9)
16
-14 + 21 + (0 - 5) + 4
6
-7 + 3 + (-5 - (2 - (-6 - -1)))
-16
What is the value of 8 + (-15 - -19) + -3?
9
Calculate 18 - (-19 - (11 + -32)).
16
What is the value of -4 - (-10 + (-3 - (7 - 13)) - 4)?
7
2 - 5 - -4 - (-16 - 8 - 7)
32
Evaluate -374 + 410 + (-2 - 24).
10
(8 - 10) + -21 + -7 + 10
-20
(2 - 8) + (-9 - (-5 - -2))
-12
What is the value of -25 + 48 - 18 - 28?
-23
Calculate -29 + 14 + 33 + -17.
1
What is the value of 1 + -7 + 4 + (-25 - -12)?
-15
Evaluate -15 + (20 + -3 - (-23 - -33)).
-8
31 - (531 + -533 - (0 + (-2 - 1)))
30
What is ((3 - 0) + (3 - 8) - -1) + -4?
-5
Evaluate 6 - (-13 - (13 + (0 - 10))).
22
Calculate -3 + -2 + (-17 - -5).
-17
Calculate -38 + (6 + (11 - (15 + -1)) - 4).
-39
-105 - -91 - (0 - -1)
-15
What is 121 + -114 + (1 - -19) + 12?
39
What is (-9 - -1) + -16 + 9 + (0 - -7)?
-8
Calculate 4 + 3 + (-13 - -2).
-4
Calculate (11 - 0) + -16 - -17.
12
14 + -8 + (-17 - -5)
-6
Calculate 3 + 18 + -8 - (-1 + 5 + -3).
12
What is the value of (7 - -28) + -16 + -12?
7
What is -28 + (-26 - -18 - -8)?
-28
What is 30 + -26 + 15 + (-1 - 0) - 5?
13
What is -21 - -45 - (7 - 10 - -9)?
18
What is the value of (-20 - (-24 - -23)) + 14?
-5
Evaluate -20 - -19 - 16 - -23.
6
What is -3 + 1 + -1 - (89 + -74)?
-18
Evaluate -13 + (4 - (5 + 12 - 6)).
-20
Calculate 15 - (12 + (21 - 21)).
3
Evaluate 11 - (-9 - (5 + -15 - -6) - 0).
16
Evaluate -180 - -181 - (1 - -16).
-16
What is the value of 7 + -5 + 3 + 11 + -6?
10
Calculate -26 + 29 + (-5 - -4) + 30.
32
What is the value of 47 + -48 + 8 + 2 + -6?
3
Evaluate -2 + (-16 - (5 + -35)).
12
What is (6 - -2) + (-7 - 2 - (-2 - -7))?
-6
What is the value of 3 + 41 - (23 - 14 - 7 - -7)?
35
What is the value of (12 - (-2 - -10)) + 2 - 6?
0
Calculate 5 + 0 + (19 - (-19 + 38) - -12).
17
(20 - 15) + 4 - 1
8
Evaluate 8 - 31 - -21 - (-11 - 3 - 2).
14
Evaluate -2 + -1 + -1 + 4 + (-26 - -9).
-17
What is -3 + (13 + -30 - -8)?
-12
What is the value of -6 + ((6 - 3) + 4 - -1)?
2
What is 7 + -39 + (163 - 149)?
-18
Calculate ((-23 - -6) + 5 - -5) + 22.
15
Calculate (-5 - -9) + 5 + -1 - 2.
6
Evaluate 16 + (-18 + 4 - -13).
15
What is (-8 - (5 + -12)) + (13 - -1)?
13
What is the value of -7 + -21 + 30 + -7?
-5
Calculate 5 + (-34 - -22) + 25.
18
What is the value of 7 + (-11 - 10) + -7 + 1 - -7?
-13
What is (-23 - -57 - 30) + (0 - -12)?
16
Evaluate 9 + -4 + 11 + -8 + -2 + -14.
-8
Calculate -4 - (3 - (-9 + (-3 - -6))).
-13
-9 + (-11 + 2 - -24) + -6
0
Evaluate (4 - 10) + 31 + -27 - 9 - -51.
40
Evaluate 8 + (12 - 27 - 11).
-18
Evaluate -16 - (-15 - (8 - (4 + -13))).
16
35 + (24 - 25) - 21
13
What is the value of 14 + -7 - 2 - -2?
7
-4 + 4 + 9 + 342 + -372
-21
What is the value of -15 + (11 + -3 - 2 - 5)?
-14
What is 7 - 0 - -5 - 0 - 4?
8
What is the value of 45 - 45 - (2 + (-2 - 1) - -12)?
-11
Calculate (104 - 110) + (-3 - -6).
-3
What is the value of -27 - (26 + -10 + -20)?
-23
What is the value of (-14 - 13) + -8 + 41?
6
Evaluate -6 - (7 + -21 + 5).
3
Calculate 38 - (8 + (15 + -3 - (17 - 5))).
30
Calculate (27 - 40) + -14 + 5 + 1.
-21
What is the value of 2 + -8 + (11 - (2 - -12))?
-9
What is -22 - 1 - (16 + (43 - 72))?
-10
What is the value of 2 - 10 - (109 - 104)?
-13
What is the value of (5 - (8 - (-2 + 4))) + 15?
14
What is 17 + -13 + 6 + -8?
2
What is (3 - 3) + (-1 - (-7 + 3) - -3)?
6
What is -420 + 420 + -2 + 19?
17
(-9 + 6 - (1 + -12)) + -31 + 33
10
-1 + 8 - (-11 + 5 + -8 + 13)
8
Calculate 1 - 3 - (1 + 6 + -90 + 86).
-5
Calculate -1433 + 1404 - (-1 + -28).
0
Evaluate 12 + 2 + (-17 - -8) + (-1 - 0).
4
Evaluate 8 - (7 + (1 - 15)) - -5.
20
-16 - -5 - (-9 - 27)
25
Evaluate 290 + -283 + (0 - -1).
8
What is the value of -34 + -7 + 8 - -48?
15
Evaluate -8 + 20 + -7 + -16 + 1 + 1.
-9
Evaluate 7 - (-8 + 9 - -7) - -6.
5
What is 9 - (58 + -39 + 13)?
-23
-2534 + 2506 - ((1 - 6) + -2)
-21
(3 - -34) + -12 - 38
-13
Evaluate -1 - 6 - (-76 - -85).
-16
What is 3 - 6 - (-13 + 25)?
-15
Calculate (2 - 0) + 1 - 5 - -5.
3
What is -19 - (-33 + (14 - -5))?
-5
What is (-5 - -37) + (2 - 11) + -10?
13
What is -47 - -20 - (1 - 12)?
-16
What is -2 + 26 + -28 + 1 + -2 + 2?
-3
What is the value of 7 - ((0 + -1 - -2) + 3)?
3
What is 20 - 4 - 6 - -3?
13
What is -2 + (10 - 16) + (14 - 5)?
1
Evaluate 1519 - 1518 - ((-1 - -1) + 0 - -22).
-21
(-8 - (-31 - (-9 + 22))) + -12
24
What is the value of 9 + -7 + (23 - 20)?
5
What is (26 - 3) + (6 - 21 - -5)?
13
What is the value of 0 + -52 + 33 + -2 + 0 + 0?
-21
Evaluate 0 + ((-2 - -5) + -4 - -11).
10
Evaluate 1 + (-9 - (7 + (10 - 15))).
-10
Evaluate (6 - (20 - 6)) + -3.
-11
Calculate -113 + 102 + -5 + -3.
-19
Calculate (11 - -4 - 16) + (-2 - (2 + 11)).
-16
-1 - (14 - (6 - 4 - -4))
-9
Calculate -11 + 10 + -8 - -10 - (-21 + 6).
16
Calculate (-47 - -54) + (1 - -2 - (-3 + 24)).
-11
Evaluate (-23 - -19) + 36 + -17.
15
Calculate -25 + 9 + -2 + -18 - -9.
-27
-1 + 0 + (-304 - -314)
9
What is the value of 39 - (-7 - -24) - 39?
-17
What is the value of 11 + 1 - (-31 + 26 - -9)?
8
Evaluate (23 - (3 - -15)) + (3 - -10).
18
What is -1 + 10 - (-3 - (-32 - (-3 - 4)))?
-13
What is 26 + (10 + 6 - 15) + (1 - -1)?
29
What is -7 - (5 + (-1 + 9 - 1))?
-19
What is the value of (2 - (1 + -1 - (-11 - -22))) + -4?
9
-10 - ((8 - -1) + -5)
-14
What is 5 + 6 - (12 - (25 - 28))?
-4
Evaluate 25 + -8 + -12 - -2.
7
Calculate 6 - (-15 + 38 + -16).
-1
Evaluate (4 - -4 - 3) + (74 - 77).
2
What is (-27 - 1) + (793 - 757)?
8
(15 - (10 - (-14 - 10))) + 12
-7
Evaluate (5 - -6) + -31 + 13.
-7
Calculate -5 + (-36 + 14 - -10 - -7).
-10
What is the value of 61 - 52 - (3 - -2)?
4
(3 - -44) + (46 - 27 - 26)
40
What is the value of (-1 - (6 + -6 + 2)) + 0 - -2?
-1
What is the value of -1 - 0 - (-5 + -11) - (8 + -3)?
10
Evaluate -5 + 20 + 6 - (2 + 10).
9
Evaluate -32 - (0 + (8 - 5) + -11).
-24
Evaluate (-1 - -4) + 3 - (5 + -6 - 1).
8
Evaluate 13 + (-31 - (-21 + 0)).
3
What is -13 - (10 + -9 - (8 + -3))?
-9
Calculate (-3 + 2 - (7 + -15)) + -9.
-2
What is -5 + -5 + 0 + -4 + 12?
-2
What is -2 - (2 + -10 - (-5 - (-6 - -12)))?
-5
Calculate -5 - (5 + -2 + -5) - -5.
2
What is the value of -1 + (-4 - -5 - -6) + (2 - 8)?
0
What is the value of -39 - (-49 + -7) - (-2 - 1)?
20
11 + -9 - ((24 - 10) + -20)
8
11 - (-2 - -9 - 12)
16
What is (3 - 11) + (16 - (-3 + -1))?
12
Evaluate 17 - ((16 - 3) + -4).
8
Evaluate (7 - 0) + (-21 - (-11 + 11)).
-14
Evaluate (-30 - (-54 - -21)) + 22.
25
Calculate (-17 + 37 - 56) + 20.
-16
Evaluate (-7 - (6 + -7)) + 3 + 6.
3
What is the value of 12 - (-6 - (-50 - -19))?
-13
What is the value of 6 + 30 - (-1 + -3 - -9) - 6?
25
What is (13 - 1) + (-23 + 12 + -5 - -11)?
7
Calculate 12 + -6 + -1 + -3 + (7 - 0).
9
(0 + -11 - 7) + 28
10
Calculate 4 - (-8 + 8 + 0 + -8).
12
Calculate -2 + -4 + 7 - (-55 + 37).
19
15 - (-7 + 23) - 15
-16
10 - (-13 - (-14 + 5 + -4))
10
What is the value of -14 - -31 - (16 + -19)?
20
Calculate -5 + (13 - 8) - (-4 - 2).
6
What is the value of -49 + 14 + 11